 Let a = 6 - 4. Is c(a) a multiple of 5?
True
Let g = 16 - 31. Let z = g + 37. Is z a multiple of 15?
False
Suppose 0 = 30*a - 25*a - 410. Is a a multiple of 41?
True
Suppose 0 = 6*v - v - 75. Does 5 divide v?
True
Let j(n) = -5*n + 35. Let o(q) = -q + 6. Let c(h) = -6*j(h) + 35*o(h). Is 6 a factor of c(-3)?
False
Suppose -5*n - 62 - 13 = 0. Let w = n - -54. Is w a multiple of 19?
False
Let t(v) = -7 + 5*v + 13 + 4. Let a be t(9). Suppose 13 = 4*u - a. Is 12 a factor of u?
False
Let f(x) = -3*x - 10. Suppose 3*j = 8*j + 3*m - 153, 136 = 4*j - m. Suppose 1 = 4*c + j. Is 10 a factor of f(c)?
False
Suppose l = 3*c - 1, 5*c = -0*l - l + 15. Suppose -l*a = -117 - 13. Is 8 a factor of a?
False
Suppose -9 = -4*y + 75. Suppose 0*t - t = -y. Is t a multiple of 8?
False
Suppose -2*m = -m + 2. Suppose 0 = -3*p + p + 2*x - 42, 3*x - 45 = 2*p. Is 5 a factor of m/(4/p) + 1?
True
Suppose -3*u = -j + 39, 3*u - 44 = -4*j + 52. Is 9 a factor of j?
True
Does 21 divide (-83)/(-2) - 2/(-4)?
True
Suppose 4*w = 2*s - 116, -2*s - w - 39 = -135. Does 20 divide (-1 - s)*(-3 + 2)?
False
Suppose 0 = 5*k - 7*k + 70. Does 7 divide k?
True
Suppose -9*n + 49 = -311. Is 20 a factor of n?
True
Let d = -29 + 85. Suppose z + d = 5*z. Suppose 0*n + 2*n - z = 0. Is 7 a factor of n?
True
Let m(t) = -t**2 - 8*t + 12. Let l = -8 + -1. Let p be m(l). Suppose -3*y + y + 20 = -p*j, 2*j + 56 = 4*y. Is 16 a factor of y?
True
Suppose 0 = 2*b + 2, -n = 2*n - 4*b - 7. Let a be 0/(n + 4/(-2)). Suppose a = -i - 3 + 6. Does 2 divide i?
False
Let r(s) = 6*s**2 + 3*s. Is r(-1) even?
False
Suppose -5*d - 1215 = s - 6*s, 3*d + 239 = s. Is 35 a factor of s?
True
Let l = -22 + -11. Let b = -23 - l. Is 10 a factor of b?
True
Suppose 3*g - 66 = g. Does 11 divide g?
True
Let d(v) = 3*v**3 - 3*v**2 + 5*v - 3. Let x be d(3). Let f = x - 44. Suppose 2*m - f = 3*b, 28 + 27 = 5*m - 2*b. Does 11 divide m?
True
Suppose -2 = 3*t - 5*t. Does 8 divide 10 - t/(3/6)?
True
Let f(a) = -4*a - 25. Let u(w) = 5*w + 26. Let i(v) = -6*f(v) - 5*u(v). Is 6 a factor of i(0)?
False
Suppose -u + 3*u - 3*g = 138, -3*u - 2*g + 233 = 0. Suppose -2*p + 5*y - 6 = -33, 0 = -3*p - 4*y + u. Is 14 a factor of p?
False
Let m = -1 - -12. Let q = -3 + m. Is 8 a factor of q?
True
Let p(t) be the first derivative of t**4/4 + 5*t**3/3 - t**2 + 4*t + 4. Let n be p(-6). Let z = n - -42. Is z a multiple of 11?
True
Suppose 0 = -18*p + 28*p - 1120. Does 14 divide p?
True
Let f(z) = z**2 + 5*z + 2. Let n be f(-5). Let r(s) = -9*s - 4*s**2 + 2*s**3 + 5 - n - s**3. Is r(6) a multiple of 15?
False
Let d(z) = -z**3 - 5*z**2 + 8*z + 5. Is d(-10) a multiple of 25?
True
Let r be 15/25 - 2/(-5). Suppose -r = 5*c - 26. Is 5 a factor of c?
True
Let f = -38 + 155. Suppose 0 = 4*w - w - f. Let q = -11 + w. Does 20 divide q?
False
Suppose -o = -4*z + 33, -3*z = -0*o - 2*o - 31. Suppose -4*w - 3*s = -z*w - 6, -s - 6 = w. Let g = 15 + w. Is g a multiple of 8?
False
Let t = 64 - -36. Does 25 divide t?
True
Suppose -2*p - 2*r + 1014 = 0, -p + 5*r + 2525 = 4*p. Let h be 4/(-14) - p/(-7). Suppose b = -2*b + h. Does 9 divide b?
False
Is (2 + -6 - -37) + 0 a multiple of 11?
True
Let f(h) = h**3 + 5*h**2 - 7*h - 4. Let u be f(-6). Let b be u - 1/(0 + -1). Is (23 - -2) + (b - 2) a multiple of 13?
True
Let u be 284/11 - (-6)/33. Suppose -5*d + u + 74 = 0. Suppose 6*j = j - 4*o + d, -4*o - 20 = -5*j. Is 4 a factor of j?
True
Let c(i) be the first derivative of i**3/3 - i**2 + 2*i - 1. Is c(5) a multiple of 12?
False
Suppose -60 = -3*k - 21. Is k a multiple of 11?
False
Let b(d) = -9*d - 1. Let g be b(-1). Let h = g - -20. Is (-164)/(-14) + 8/h a multiple of 6?
True
Let h = -5 + 2. Does 2 divide (h/9)/((-1)/6)?
True
Suppose -8*d = -4*d. Let h be (-1)/(1 - 0/(-1)). Does 13 divide -1 + d - (h - 26)?
True
Let d(u) = 2*u**2 + 7*u - 33. Is d(-15) a multiple of 26?
True
Suppose -4*u + 39 = -4*v - 1, -4*u + 54 = 3*v. Does 12 divide u?
True
Let b(y) = -y**3 + 11*y**2 - 9*y + 12. Is b(8) a multiple of 33?
True
Let p(f) be the third derivative of f**6/60 - f**5/30 + f**4/12 - f**3/2 + 2*f**2. Is p(2) a multiple of 9?
True
Let x = -15 + 10. Is (x + 4)/(1/(-7)) a multiple of 2?
False
Suppose -4*u + 627 = 127. Is u a multiple of 15?
False
Suppose -3*l = -5*h + l + 13, l + 7 = 2*h. Suppose 3*w - 17 = 4*i, w + 4*i = -0*w - h. Is 19 a factor of 36/2 - (-3)/w?
True
Suppose 3*f = 4*o + 40, 3*f - 55 = 3*o - 19. Does 3 divide f?
False
Suppose 0*k = 3*k - 84. Is k a multiple of 7?
True
Suppose -3 = -5*k + 22. Suppose -2*y - 21 = -k*y. Is y a multiple of 3?
False
Let o(h) = h + 6. Let c be o(-10). Let y be 4 - (c/(-2) - 2). Suppose 22 = y*l + 2. Is l a multiple of 5?
True
Let j(q) = -3*q - 16. Is 8 a factor of j(-12)?
False
Let i = 3 - 7. Let p(c) = c**2 - 4. Let d be p(i). Let r = d + -5. Is r a multiple of 4?
False
Let h(b) = -b + 7. Let z be h(5). Let y(c) = 3*c**2 + 0*c - 2*c + c**2 + 2. Is y(z) a multiple of 14?
True
Suppose -2*y = -0*y. Suppose -3 = -5*w + 7. Suppose 0 = -w*b + 84 - y. Is 15 a factor of b?
False
Let m(d) = d**2 + 5*d - 4. Let p be m(-6). Let s(x) = 6*x - 2. Is 10 a factor of s(p)?
True
Suppose -6 = -0*p - 2*p. Suppose 8 = p*q + 3*l - 40, 4*l + 96 = 4*q. Is 10 a factor of q?
True
Let o be 6/(-16) - (-27)/8. Let n be -69*(1 + -1 - 2). Suppose -3*x + n = 3*l - 0*x, 0 = o*l - 4*x - 131. Does 17 divide l?
False
Suppose -k = -2*w - 59 + 11, 0 = 3*k - 3*w - 144. Suppose -3*z = -2*h - 6*z + k, 4*h + 4*z = 88. Does 6 divide h?
True
Let u be (1 - 0)*(2 + 1). Suppose u*t + 17 = 71. Suppose -2*x = -4*k + t, 2*x = 2*k + 5*x - 5. Is k a multiple of 4?
True
Let h(o) = -20*o + 3. Is h(-1) a multiple of 14?
False
Suppose d - 28 = -1. Is 9 a factor of d?
True
Suppose -2*p - 4 + 24 = 0. Let v be ((-30)/25)/((-2)/p). Suppose v*x = x + 4*w + 71, 19 = x - 2*w. Is x a multiple of 5?
False
Let s(f) = 0 + f - 1 - 2*f. Let d be s(-5). Is d/(-6) + 56/3 a multiple of 9?
True
Let f be 1 + 17 - (-1 - -3). Let x be (-1)/(-2)*f/2. Suppose 0 = x*g - 4*b - 40, -g = -2*g - 4*b. Is g a multiple of 8?
True
Suppose 12 = 3*y + 4*f, -3*y + f = 4*f - 15. Let o(h) = -5 - h**3 - y*h - 7*h**2 - 4 + 0*h**2. Is 2 a factor of o(-6)?
False
Let y(k) = k**2 - 3*k + 3. Let a(v) = v. Let n be a(1). Suppose n - 7 = -2*q. Is y(q) a multiple of 3?
True
Suppose 5*h - 199 = -2*i - 54, -5*h = 25. Is 17 a factor of i?
True
Suppose 4*t - 16 = -2*o + 2, 5*o - 27 = -t. Suppose -a + o = -29. Is 17 a factor of a?
True
Suppose 6*l - 16 = 2*l, -3*k + 42 = -3*l. Is k a multiple of 6?
True
Let x(f) = -2*f. Let m be x(-3). Let q be (-9)/m*66/(-9). Let y = q - 8. Is y even?
False
Does 7 divide (-1)/(-2) + 287/14?
True
Let l be (1 + 2)*32/6. Suppose 4*u = -u - 55. Let h = u + l. Does 2 divide h?
False
Let k = -25 + 41. Is 4 a factor of k?
True
Let r = -28 + 16. Let c be r/(-7) + 4/14. Is (1 - c)/((-4)/20) a multiple of 3?
False
Let r(v) = v**2 - 2*v - 7. Let q be r(5). Suppose 6 = w - q. Suppose 0 = -3*p - 2*o + 123, -w + 5 = 3*o. Is 16 a factor of p?
False
Suppose 5*k - 10*k = -105. Does 21 divide k?
True
Suppose 4*y - 2*p - 64 = 0, -2*p - 42 = -5*y + 38. Is 7 a factor of y/4*(-14)/(-8)?
True
Is 21 a factor of (-2)/(-7) - 1390/(-35)?
False
Let o = -11 - -16. Suppose 6*k + o = k. Does 8 divide -3 - -4 - (-7 + k)?
False
Let o = -43 + -9. Is 10 a factor of ((-5)/10)/(1/o)?
False
Let m be 4/(-18) + (-102)/27. Let v = m - -13. Is 5 a factor of v?
False
Suppose 8*l = 4*l. Let s = 6 + l. Is s a multiple of 2?
True
Let r = 9 + -5. Does 2 divide (1 + -2)/((-2)/r)?
True
Let o be -1*63*2/(-6). Let r = o + -10. Does 9 divide r?
False
Let q be (-2)/(5/(135/6)). Let l(w) = w**2 + 8*w + 7. Let r be l(q). Suppose -r = -2*x - 0. Does 6 divide x?
False
Suppose -5*c + 134 = -21. Suppose -l + 27 = -c. Does 17 divide l?
False
Suppose 5*r = 374 - 129. Is r a multiple of 24?
False
Let n = 24 + 28. Suppose 0*q - n = -2*q. Is q a multiple of 26?
True
Let a = -110 + 215. Is a a multiple of 10?
False
Let d be 12*3/6 + -1. Suppose 3*p + 0*p = -4*y + 99, 165 = d*p + 2*y. Does 9 divide p?
False
Let c(i) = i**3 + 4*i**2 - 3*i - 5. Let f be (-52)/14 + 6/(-21). Is 3 a factor of c(f)?
False
Suppose 2*n + 108 = 2*a, 78 = -2*a + n + 183. Is 15 a factor of a?
False
Let j = 46 + 93. Suppose -j = -3*d - 55. Is d a multiple of 10?
False
Suppose 0*t + 2 = 2*t. Let u = -1 + t